46661 prime?
False
Is 68141 prime?
True
Is 30399 prime?
False
Is 224769 a composite number?
True
Is 31469 a composite number?
False
Is 3593 prime?
True
Is 952781 composite?
True
Is 1114 composite?
True
Is 7941 a prime number?
False
Is 10357 a composite number?
False
Is 769 a prime number?
True
Is 451 a composite number?
True
Is 688621 a prime number?
True
Is 29901 a prime number?
False
Is 1409731 a composite number?
False
Is 520193 a composite number?
False
Is 15559 prime?
True
Is 25923 prime?
False
Is 386777 a prime number?
True
Is 24177 a prime number?
False
Is 2579 a composite number?
False
Is 499 composite?
False
Is 66485 prime?
False
Is 4247 prime?
False
Is 387439 a composite number?
True
Is 20279 prime?
False
Is 60033 a prime number?
False
Is 24022 prime?
False
Is 12809 a prime number?
True
Is 34211 composite?
False
Is 35773 a prime number?
False
Is 574601 a prime number?
False
Is 53701 prime?
False
Is 601943 a prime number?
True
Is 216493 a prime number?
True
Is 466511 prime?
False
Is 9655 a prime number?
False
Is 63241 prime?
True
Is 13963 a prime number?
True
Is 10727 a prime number?
False
Is 45599 a prime number?
True
Is 88211 composite?
False
Is 333197 a composite number?
False
Is 86587 a composite number?
False
Is 12653 prime?
True
Is 446767 prime?
True
Is 8741 prime?
True
Is 111253 a composite number?
False
Is 407686 a composite number?
True
Is 168071 a composite number?
False
Is 242669 a composite number?
True
Is 64087 prime?
False
Is 142697 prime?
True
Is 2574501 a prime number?
False
Is 43327 a prime number?
False
Is 159083 a prime number?
False
Is 127343 composite?
False
Is 597479 a prime number?
False
Is 2503 prime?
True
Is 177221 prime?
False
Is 1049 prime?
True
Is 267821 a composite number?
True
Is 333821 prime?
True
Is 110135 a prime number?
False
Is 1812073 prime?
True
Is 167699 a composite number?
True
Is 49729 a prime number?
False
Is 28637 composite?
True
Is 3433 composite?
False
Is 2741 composite?
False
Is 979 a composite number?
True
Is 1223 prime?
True
Is 1649 composite?
True
Is 44995 a composite number?
True
Is 251513 prime?
True
Is 113279 composite?
False
Is 6400253 a composite number?
False
Is 7133 a prime number?
False
Is 866573 prime?
True
Is 2158681 composite?
True
Is 382229 composite?
False
Is 39679 a composite number?
False
Is 497561 composite?
False
Is 40459 a prime number?
True
Is 99563 prime?
True
Is 3593 composite?
False
Is 5587 a prime number?
False
Is 28751 composite?
False
Is 51011 a prime number?
False
Is 267515 a composite number?
True
Is 39499 composite?
False
Is 37171 a prime number?
True
Is 39821 a composite number?
False
Is 8707 composite?
False
Is 219041 a prime number?
True
Is 466853 a prime number?
True
Is 97741 prime?
False
Is 28151 a prime number?
True
Is 9753 prime?
False
Is 245201 composite?
True
Is 165173 composite?
False
Is 1651 a composite number?
True
Is 7993 composite?
False
Is 450017 a composite number?
True
Is 439 composite?
False
Is 318271 prime?
True
Is 311 a composite number?
False
Is 2599 a composite number?
True
Is 72019 a composite number?
False
Is 1583233 composite?
False
Is 108617 composite?
True
Is 308054 a prime number?
False
Is 572809 composite?
True
Is 1649 composite?
True
Is 18583 prime?
True
Is 5057 prime?
False
Is 337999 prime?
True
Is 1347603 prime?
False
Is 4111 a composite number?
False
Is 29521 prime?
False
Is 103009 a prime number?
False
Is 655211 composite?
False
Is 3470353 a composite number?
False
Is 1436479 a prime number?
False
Is 68717 a composite number?
True
Is 101663 prime?
True
Is 7391 prime?
False
Is 22871 prime?
True
Is 495301 composite?
False
Is 4359 a prime number?
False
Is 5579 a composite number?
True
Is 70631 composite?
True
Is 13031 a prime number?
False
Is 75913 prime?
True
Is 148883 composite?
True
Is 872839 a composite number?
True
Is 12581 a composite number?
True
Is 490787 a prime number?
False
Is 8419 a composite number?
False
Is 221843 prime?
False
Is 8053 a prime number?
True
Is 2201 prime?
False
Is 37451 a composite number?
True
Is 6805 a prime number?
False
Is 928615 prime?
False
Is 90583 composite?
False
Is 32209 a prime number?
False
Is 9627 composite?
True
Is 80251 prime?
True
Is 3647 a composite number?
True
Is 316347 composite?
True
Is 1850567 a composite number?
True
Is 33997 a prime number?
True
Is 87239 a prime number?
False
Is 174095 a composite number?
True
Is 5645 a prime number?
False
Is 271087 composite?
True
Is 439594 a prime number?
False
Is 746049 composite?
True
Is 12058 a prime number?
False
Is 10837 a prime number?
True
Is 963751 a prime number?
True
Is 11957 composite?
True
Is 2927 a composite number?
False
Is 18493 a prime number?
True
Is 44143 prime?
False
Is 8941 composite?
False
Is 78259 a composite number?
False
Is 230819 prime?
True
Is 5711 prime?
True
Is 240991 a prime number?
False
Is 292913 a prime number?
False
Is 129341 composite?
False
Is 364985 composite?
True
Is 61091 prime?
True
Is 5519 composite?
False
Is 12703 a composite number?
False
Is 6333 prime?
False
Is 517817 a prime number?
True
Is 6127 prime?
False
Is 415885 prime?
False
Is 1664977 prime?
False
Is 12097 a prime number?
True
Is 6805 composite?
True
Is 3866 a prime number?
False
Is 3277 a prime number?
False
Is 95255 a prime number?
False
Is 11269 a composite number?
True
Is 5255 a prime number?
False
Is 1831 prime?
True
Is 14179 a prime number?
False
Is 16301 a prime number?
True
Is 698983 a prime number?
True
Is 2777 a composite number?
False
Is 55985 a prime number?
False
Is 506417 a prime number?
True
Is 7373 a composite number?
True
Is 7213027 a composite number?
True
Is 172847 a prime number?
False
Is 1547519 composite?
False
Is 97437 composite?
True
Is 13201 composite?
True
Is 2361 prime?
False
Is 14281 a composite number?
False
Is 261733 a prime number?
False
Is 641735 a prime number?
False
Is 1088593 prime?
False
Is 656713 prime?
False
Is 1949 prime?
True
Is 1722023 prime?
False
Is 287557 prime?
True
Is 132907 a prime number?
False
Is 1837 a prime number?
False
Is 362885 a prime number?
False
Is 76199 prime?
False
Is 47939 composite?
False
Is 399547 a prime number?
False
Is 109555 prime?
False
Is 65465 composite?
True
Is 122651 a prime number?
True
Is 5905 a composite number?
True
Is 25607 composite?
True
Is 98389 composite?
False
Is 33646 a prime number?
False
Is 8193 prime?
False
Is 2507 a prime number?
False
Is 2687237 a prime number?
False
Is 12133 a composite number?
True
Is 450581 prime?
True
Is 72997 a composite number?
False
Is 839 a composite number?
False
Is 4343099 prime?
True
Is 84262 prime?
False
Is 51451 prime?
False
Is 894503 a composite number?
False
Is 2778943 prime?
False
Is 39499 prime?
True
Is 734131 a composite number?
False
Is 11303 prime?
False
Is 112043 a prime number?
False
Is 1160837 a composite number?
False
Is 549817 a composite number?
False
Is 63331 a prime number?
True
Is 3493 prime?
False
Is 8263 prime?
True
Is 1833983 composite?
False
Is 6650393 a prime number?
True
Is 215945 a composite number?
True
Is 43777 prime?
True
Is 53549 a prime number?
True
Is 81383 a prime number?
False
Is 12598 a prime number?
False
Is 38138 a composite number?
True
Is 13067 prime?
False
Is 136283 prime?
False
Is 236921 a prime number?
False
Is 15259 a composite number?
False
Is 3921 prime?
False
Is 1495751 a composite number?
False
Is 1739 composite?
True
Is 89695 a composite number?
True
Is 109661 a composite number?
False
Is 14509 a composite number?
True
Is 632041 a prime number?
True
Is 2827 prime?
False
Is 8285 prime?
False
Is 29269 composite?
False
Is 78451 prime?
False
Is 277871 prime?
False
Is 37 prime?
True
Is 844609 composite?
False
Is 148547 a composite number?
True
Is 5111 a prime number?
False
Is 297289 prime?
True
Is 394093 prime?
False
Is 413 a prime number?
False
Is 33895 a composite number?
True
Is 4044217 a prime number?
True
Is 57887 composite?
True
Is 6637 prime?
True
Is 30878 composite?
True
Is 6131 a prime number?
True
Is 85978 composite?
True
Is 70393 a prime number?
True
Is 724187 composite?
False
Is 276277 a prime number?
True
Is 395 prime?
False
Is 790541 composite?
True
Is 2579 a composite number?
False
Is 8923 composite?
False
Is 4618 prime?
False
Is 37931 a composite number?
True
Is 9994